hen 39 is divided by f?
6
Suppose -1326 = -8*n - 5*n. What is the remainder when n is divided by 26?
24
Suppose -5*v = -g - 75, 4*v + 3*g = 4*g + 61. Let p(f) = 4*f + 53. Calculate the remainder when v is divided by p(-12).
4
Suppose 0 = 5*g - 10, -z - g = 2*z + 1. Let w be 8/6*(-36)/z. Suppose -2*v + w = -o, -v + 3*o = -0*v - 29. Calculate the remainder when 67 is divided by v.
21
Let z = 825 - 551. Calculate the remainder when z is divided by 69.
67
Let s(z) = -z**3 + 8*z**2 + 7*z - 46. Let f(n) = 25*n**2 + n. Calculate the remainder when f(1) is divided by s(8).
6
Let d(n) = -3*n**3 - n**2 + 2. Suppose 16 = 5*u + 1. Let l(v) = -v + 1. Let y be l(u). What is the remainder when d(y) is divided by 6?
4
What is the remainder when 317/(15/3 - 4) is divided by 8?
5
Suppose -3*j = -71 - 10. Let t = j - 15. Suppose u = 5*f - 175, -f + 0*f + 35 = -2*u. Calculate the remainder when f is divided by t.
11
Calculate the remainder when (-8 - (-16)/4)*-17 is divided by 23 + 3/9 + (-2)/(-3).
20
Suppose 5*m + 5*c - 400 = 0, -4*m + 4*c + 208 = -144. Calculate the remainder when 348 is divided by m.
12
Suppose 0 = c + 6 - 25. Calculate the remainder when 94 + (0 + 1)/(-1) is divided by c.
17
Let y = 242 + -169. Suppose 8*f + 9 = y. Calculate the remainder when f is divided by 6.
2
Let i = -2148 + 2240. Calculate the remainder when 183 is divided by i.
91
Suppose 16 = -u + 26. Let d be 5/2*(2 + 6). Let s = d - 14. What is the remainder when u is divided by s?
4
Let r be (-4)/14 + 46/14. Suppose -2*a - r*g + 8 = -2*g, -5 = a - 4*g. Let x(p) = -15*p + 303. Calculate the remainder when a is divided by x(20).
0
Suppose -2*r = -4*r + 5*w - 3, 17 = -4*r - w. Calculate the remainder when 80 - 2*(0 + -1) is divided by 14*6*(-1)/r.
19
Let g be (-2)/(-3)*(-189)/9. Let b = g - -44. Calculate the remainder when b is divided by (-159)/(-15) + (-2)/(-5).
8
Suppose 151*b + 149 = 152*b. What is the remainder when b is divided by 4?
1
Calculate the remainder when 225 is divided by (2/(-7))/((-9 - -18)/(-1953)).
39
Suppose o = 4*a + 45, -5*a = -2*o - a + 102. Calculate the remainder when o is divided by 21.
15
Suppose 3*i - 23 = 10. Suppose 0 = -3*u + i + 133. Calculate the remainder when u is divided by 17.
14
Let r(h) be the third derivative of h**4/12 + 25*h**3/6 + 8*h**2. Let o be r(-12). What is the remainder when 74 is divided by -1*(-26 - (-2 + o))?
24
Let c(b) = b**2 - 9*b + 16. Let o be c(7). Suppose 0 = o*v + 1 - 3, 0 = -l - v + 108. Calculate the remainder when l is divided by 22.
19
Let c(j) = 5*j - 11. Let z be 6 - 2 - (2 + -1). What is the remainder when 26 is divided by c(z)?
2
Let n = 20 - 17. Suppose 2*h = 7 + 1. What is the remainder when h/(-14) + (-150)/(-35) is divided by n?
1
Let f(c) = -8*c**2 + 8*c - 1. Let d(z) = -41*z**2 + 42*z - 5. Let j(y) = 2*d(y) - 11*f(y). Calculate the remainder when 23 is divided by j(-1).
1
Suppose 0*g - 5*g = -535. Suppose g = 2*v - 3*z + 20, -3*z = -v + 48. What is the remainder when 73 is divided by v?
34
Let w = -3 - -8. Let d = 10 - w. Calculate the remainder when d is divided by (-6)/(-8)*(-40)/(-15).
1
Suppose 5*t - 18*t + 273 = 0. Let w = 17 - 9. What is the remainder when t is divided by w?
5
Suppose -12*h + 9*h - 2*t = -67, 94 = 4*h - 2*t. Calculate the remainder when 272 is divided by h.
19
Let z(o) = -o**2 + 4*o + 5. Let p be z(4). Suppose -q - p = 2*g - 19, q + 3*g = 9. Let j = 31 - q. Calculate the remainder when 18 is divided by j.
4
Let y(x) = x - 13. Let a be y(17). Suppose 3*f - 110 = -2*b, a*f + 4*b = -8 + 156. What is the remainder when f is divided by 3?
0
Let m(g) = g - 5. Suppose -3*w = -0*w. Let c be m(w). Let b(q) = -q**3 - 4*q**2 - 4*q + 5. Calculate the remainder when b(c) is divided by 13.
11
Suppose 5*r = 4*f + 49, 24 = 3*r + 2*f + f. Suppose -4*m + r*m - 240 = 0. Calculate the remainder when m is divided by 13.
9
Suppose -5*c + 19 = 4*m, 5*m + 2*c - 31 = 3*c. Suppose -29*g + 32*g - m = 0. What is the remainder when 5 is divided by g?
1
What is the remainder when 1*(7 - 190)*-1 is divided by 52?
27
Let w(k) = -k**3 + 6*k**2 - 9*k + 18. Calculate the remainder when 19 is divided by w(4).
5
Let u(r) = -r + 9. Let i(g) = 2*g - 2. Let l be i(-4). Let k = l + 13. Calculate the remainder when u(5) is divided by k.
1
Suppose -2*d - 4*l + 24 = 2*d, 28 = 5*d + 4*l. Let c = 88 - -280. Suppose w - 72 = 3*b + 27, d*w - c = 5*b. What is the remainder when w is divided by 22?
21
Let u be 4/(-12) - 14/(-6). Suppose -u*z = 28 - 68. Suppose -77*i + 75*i + 76 = 0. What is the remainder when i is divided by z?
18
Let f(m) = m**3 + 7*m**2 + 2*m - 8. Let z = 15502 - 15460. What is the remainder when z is divided by f(-6)?
10
Suppose 29 = 3*c - 7. Suppose -15 = 3*b + 2*b. Let a = b + c. Calculate the remainder when 17 is divided by a.
8
Suppose -4*v = z + 21, -33 = 4*v + v - z. Let o(g) = -g**2 - 7*g + 6. What is the remainder when 35 is divided by o(v)?
11
Suppose -q - q = -14. Suppose v = -5*n + 96, -9 = -v - 8. Suppose c = -2*h + 54, c + n + 8 = h. What is the remainder when h is divided by q?
6
Let q(m) = -34*m**3 + m**2 + 5*m + 5. Suppose 2*l = 10, -t - 8*l + 4*l + 158 = 0. What is the remainder when t is divided by q(-1)?
33
Suppose -2*a + 2*z - 250 = 0, 5*z = 5*a + 2*z + 623. Let g = -55 - a. What is the remainder when g is divided by 35?
34
Let o(d) = -d**3 - 6*d**2 - 2*d + 5. Let z = 62 - 114. Let u = -41 - z. What is the remainder when o(-6) is divided by u?
6
Suppose 2*j + 4*n = 10, -2*j + 4 = 5*n - 7. Calculate the remainder when 31 is divided by (-102)/(-9) - 1/j.
9
Let g = -107 - -31. Let b = -52 - g. What is the remainder when 27 is divided by (0 + -10)/((-16)/b)?
12
Let d(s) = s**2 + 7*s - 8. Let x be d(-8). Suppose 0*u - u + 2 = x. What is the remainder when (u - 0) + (109 - -4) is divided by 29?
28
Let g be (-6)/6*(-1 - (-2 - -176)). Let u(l) = 8*l**3 + l**2 + l + 1. Let t be u(-1). Calculate the remainder when 20/t*g/(-10) is divided by 13.
11
Let u = -155 + 316. Let d = -31 + u. What is the remainder when d is divided by 44?
42
Let f(t) = -2*t + 1. Let q be f(-7). Calculate the remainder when 23/3 + -3 + 50/q is divided by 5.
3
Suppose 0 = -34*q + 26*q + 272. What is the remainder when 41 is divided by q?
7
Suppose 0 = -4*x - 3*f + 49, 2*x + 0*x - 3*f - 47 = 0. What is the remainder when 143 is divided by 594/x + 5/(-40)?
32
Calculate the remainder when (-1 + 342)*4/(-16)*-4 is divided by 7.
5
Let k(v) = 9*v + 26. Let c(b) = -6*b - 17. Calculate the remainder when k(7) is divided by c(-8).
27
Let h(a) = -30*a + 66. What is the remainder when 12 is divided by h(2)?
0
Let d(g) = -g**2 + 8*g + 36. Let s be d(11). Suppose -4*w + s*u = 42 - 157, -4*u = 5*w - 105. Calculate the remainder when w is divided by 15.
10
Suppose -4 = 2*w, 2*b - 38 = -b + w. Suppose 5*r - r = b. Calculate the remainder when 15 is divided by r.
0
Let q be 122/6 - (-8)/(-24). Let t = q + -19. Suppose -2*o + 3 = -t. What is the remainder when o is divided by 1?
0
Let a(z) = -10*z - 1. What is the remainder when a(-5) is divided by -16 + ((-150)/10 - -48)?
15
Suppose z + 3 = 42. Calculate the remainder when z is divided by ((-11)/2)/((-2)/4).
6
Let s(g) = -2*g**2 - 41*g - 44. Calculate the remainder when 64 is divided by s(-19).
12
Let v = 0 + -2. Calculate the remainder when 15/v*88/(-6) is divided by (12/(-6))/(2/(-28)).
26
Let l(r) be the first derivative of r**3 + 25*r**2/2 - 5*r + 1. What is the remainder when 50 is divided by l(-9)?
11
Suppose 2*m = -8, 4*p + p + 2*m = 337. What is the remainder when p is divided by 20?
9
Let s be (-17 + 1)*(-36)/48. Let t = -5 + s. Calculate the remainder when 40 is divided by t.
5
Suppose -5*r + 6*q + 363 = 4*q, -4*r + 296 = 4*q. What is the remainder when r is divided by 39?
34
Let d(x) = 2*x**2 - 54*x + 8. Suppose 0 = -h - 3*h + 88. Calculate the remainder when h is divided by d(27).
6
Suppose -250 = -18*m + 16*m - 2*k, -m + 150 = -4*k. What is the remainder when m is divided by 46?
38
Let w = -1337 - -1681. Calculate the remainder when w is divided by 14.
8
Let i = -36 - -45. Suppose 46*z = 45*z + i. What is the remainder when z is divided by 4?
1
Suppose 5 + 0 = p. Suppose -10*v + 4*z = -7*v - 28, -v - 2*z - 4 = 0. What is the remainder when p is divided by v?
1
Suppose 79*t + 10 = 84